inder when g is divided by l.
0
Let r(m) = -m + 5. Suppose k = 7*k + 12. Let s be r(k). What is the remainder when 6 is divided by (-5 + 0 - -1) + s?
0
Let k be -2*(-3 - (3 + 6)). Calculate the remainder when (-206)/(-5) - (-48)/60 is divided by 7/(14/k) - 1.
9
Suppose 2*h + 5*p = 30, -h + p - 6*p = -15. Let m = -3 - -47. What is the remainder when m is divided by h?
14
Suppose -22 = -m - 5. Suppose k = 14 - 18. Let u = k + m. What is the remainder when 37 is divided by u?
11
Let l(i) = i**3 - i**2 - i + 33. Suppose -3*w + 24*w = 63. What is the remainder when l(0) is divided by w?
0
Suppose 3159*i = 3158*i + 1922. What is the remainder when i is divided by 35?
32
Let p(h) = -h**2 + 2*h + 6. Let g be p(0). Let w(i) = -8*i - 2. Calculate the remainder when (-2)/g*1770/(-5) is divided by w(-4).
28
Suppose 96 = 4*o - 4*k, 2*k + 5 - 3 = 0. Calculate the remainder when 70 is divided by o.
1
Let g(k) be the first derivative of -2*k**2 - k + 4. What is the remainder when g(-8) is divided by 17?
14
Suppose 2*k + 39 = 93. Suppose 0 = 3*s - 138 - 30. Suppose -3*v + s = v. Calculate the remainder when k is divided by v.
13
Suppose 0 = 4*x + 2*r - 26, 2 - 5 = -3*x + 4*r. Calculate the remainder when x is divided by 1 - (-1 + -1) - 1.
1
Suppose 0 = y - 5*y + 8. Let c = -6 - -9. Suppose c*w = -i - 1, -2*i - 2*w + 3 = 1. Calculate the remainder when i is divided by y.
0
Suppose -9*p + 45*p - 2448 = 0. Suppose 5*h = -5*g + 380, 2*g - 4*h = -g + 228. Let v = g + -53. Calculate the remainder when p is divided by v.
22
Suppose 0 = -3*o + 5*z - 10, 0 = 5*o - 5*z + 2*z - 10. Suppose -3 = -2*h - o*p, 0 = -2*h + p - 2*p + 7. What is the remainder when 21 is divided by h?
1
Suppose 3*g = -2*r + 59, -r + 22 - 3 = -2*g. Suppose 0 = 5*f - 3*d - 87 - 110, -2*f + 82 = 2*d. Let s = f - r. Calculate the remainder when 43 is divided by s.
13
Let q = 366 - 331. Calculate the remainder when 244 is divided by q.
34
Let j(x) be the second derivative of x**4/12 + x**3/3 + 4*x**2 - 17*x. Let a(i) = -i**3 + i**2 + 23. What is the remainder when a(0) is divided by j(0)?
7
Let x(a) = 2*a - 4. Let c be x(-5). Let p = c - -55. What is the remainder when 161 is divided by p?
38
Calculate the remainder when (-122 - (1 + 0))/(18/(-6)) is divided by 24.
17
Suppose 662 = 3*i + 173. Suppose i*x - 166*x = -129. What is the remainder when x is divided by 12?
7
Let t(w) = -w**2 + 3*w - 3. Let i be t(2). Suppose 1 = -z, -3*f + 4*z - 45 = -124. What is the remainder when f is divided by (i/3)/((-3)/63)?
4
Let k(r) = 2*r**2 + 52*r + 428. What is the remainder when 295 is divided by k(-12)?
19
Suppose 2*q - 124 = -4*g, 2*g = -3*q + 5*g + 204. Let m = 104 - q. Let u = -15 + 25. What is the remainder when m is divided by u?
8
Let o = -1353 + 1393. What is the remainder when 201 is divided by o?
1
Let h(m) = m**3 - 4*m**2 + 2. Let o be h(4). Let n = 17 + o. Let f = -473 - -480. What is the remainder when n is divided by f?
5
What is the remainder when (759 - (5 - 3)) + 290/58 is divided by 96?
90
Let q(v) = 3*v**2 + 5*v - 7. Let c(x) = -x. Let a be c(5). Let k = -35 + 58. Calculate the remainder when q(a) is divided by k.
20
Suppose 0 = -218*t + 233*t - 135. What is the remainder when 1212 is divided by t?
6
Let d = 143 + -129. Suppose l - 146 = -4*n, -2*l - 18 = -n + d. Calculate the remainder when n is divided by 11.
3
Calculate the remainder when 19 is divided by (0 + -52)*(-78)/312.
6
Let v(m) = 995*m - 4954. Let j(y) = 185*y**2 + 1. Calculate the remainder when j(1) is divided by v(5).
18
Let h be (1 + (-2)/(-6))/((-22)/66). Calculate the remainder when (124*h)/(3 + -5) is divided by 50.
48
Let c = 7 + -64. Calculate the remainder when 10/(-15)*c + 0 is divided by 13.
12
Suppose 31*w - 587 = 250. What is the remainder when 214 is divided by w?
25
Let k(i) = -i**3 + 2*i**2 + 2*i + 10. What is the remainder when 342 is divided by k(-3)?
48
Let p = -1313 - -1340. What is the remainder when 1051 is divided by p?
25
Let f be (15/(-25))/(3/(-45)). Let w(h) = h**2 - 5*h - 10. What is the remainder when w(f) is divided by -3*-1*28/12?
5
Let d(w) = -40*w + 2. Let r(p) = 2*p**2 - 4*p - 2. Calculate the remainder when d(-2) is divided by r(-3).
26
Let b = -109 - -209. Suppose q + 4*q = -3*j + b, -2*j = -q - 71. What is the remainder when j is divided by 10?
5
Let q = 13 + -8. Let z = 20968 + -20964. Calculate the remainder when q is divided by z.
1
Let b(o) = -2*o**3 + 16*o**2 - o + 13. What is the remainder when b(8) is divided by 5?
0
Suppose -2*v - 10 = -2*b, 4*v + 8 = 2*b + v. Calculate the remainder when 67 is divided by b.
4
Let j = -52 + 96. Suppose -3*t - 4*l + 24 = -0*l, -5*t + 54 = 2*l. Calculate the remainder when j is divided by t.
8
Let l(v) = v**3 - 6*v**2 - 4*v - 6. Let u be l(10). Let q = u + -236. Calculate the remainder when q is divided by 40.
38
Let p = -1 + 1. Let b = p + -28. Calculate the remainder when (-354)/(-14) + 8/b is divided by 13.
12
Let z = -6 - 9. Let x = 39 + z. Let b = x - 14. Calculate the remainder when b is divided by 7.
3
Let y = -80 + 83. Let x(r) = 3*r**3 - 4*r**2 + 2*r + 4. Calculate the remainder when x(y) is divided by 14.
13
Let o(g) = 33*g - 8. Let q be o(5). Suppose 0 = -q*i + 162*i - 170. Calculate the remainder when i is divided by 8.
2
Let x(t) = t**2 + 6*t + 5. Let q be x(-6). Calculate the remainder when 123 is divided by 150/q + (-2)/(-2).
30
Let t = 711 + -276. Calculate the remainder when t is divided by 20.
15
Let b = -2615 + 2654. Calculate the remainder when 364 is divided by b.
13
Let d(r) = r**2 - 14*r - 39. Let x = -74 + 92. Calculate the remainder when 129 is divided by d(x).
30
Suppose -1795 - 840 = -31*y. Calculate the remainder when y is divided by 8.
5
Let t(i) = -i**2 + 15*i + 85. What is the remainder when t(19) is divided by 3?
0
Suppose 4*w + 39*l - 509 = 42*l, 0 = -4*w - 2*l + 494. What is the remainder when w is divided by 16?
13
Suppose -3*l - 10 = 4*m, m + 4*l - 4 = -0. Calculate the remainder when (3/(-9))/((-4)/324) is divided by m/2 - (-18)/2.
6
Suppose -2*y = 5*m - 83, 3*y - 10 = 3*m - 64. What is the remainder when 118 is divided by m?
16
Let w(m) = m + 22. Suppose -3*p - 6 - 7 = 4*a, -p - a = 5. Calculate the remainder when w(p) is divided by 4.
3
Suppose 3*x + 5*n - 134 = -1, 5*n - 10 = 0. Let u(a) = a + 3 - 3*a + 0*a. What is the remainder when x is divided by u(-4)?
8
Let k = -128 + 127. Calculate the remainder when 55 is divided by 11 + (0 - k)*1.
7
Let u(m) = -m + 9. Let d be u(-3). Let f be (-10 - -3)*(3 - 2). Let k = d - f. Calculate the remainder when 73 is divided by k.
16
Let z(h) = 3*h**3 - 8*h**2 + 5*h - 6. Calculate the remainder when z(5) is divided by 52.
38
Suppose -4*p - 67 = -5*y - 3*p, 54 = 3*y + 4*p. Suppose -f + 6*f = 3*x - y, 3*x - 44 = -f. What is the remainder when 22 is divided by x?
9
Let p = -9 - -1. Let m = p - -10. Suppose -m*d + 10 = -2*w, d - 9 = 2*w - 0. What is the remainder when 2 is divided by d?
0
Suppose 234 = 13*s - 338. What is the remainder when 131 is divided by s?
43
Let x(r) = r**3 + 4*r**2 + 2. Let v be x(-4). Let m(g) = -g - v*g - 2*g - 11. What is the remainder when m(-5) is divided by 4?
2
Calculate the remainder when 718 is divided by 180/20 + 9/1.
16
What is the remainder when 70 is divided by (-2)/((-10)/75)*6/5?
16
What is the remainder when (49/49)/(-1 + (-636)/(-633)) is divided by 37?
26
Suppose 5*d - 96*n - 108 = -100*n, 2*d + n = 42. What is the remainder when 125 is divided by d?
5
Let y(q) = q**2 + 6*q + 1. Let d be y(-10). Let k = d - 35. Calculate the remainder when 24 is divided by k.
0
Let p(m) be the first derivative of m**3 + 3*m**2 + 7*m + 1. Calculate the remainder when 93 is divided by p(-3).
13
Suppose -4*d + y = -51, 0*d - 2*y - 18 = -2*d. Calculate the remainder when (33/(-22) - -3)*76/6 is divided by d.
5
Let a(c) = 32*c - 14. Let u be 3/((-63)/(-6))*(-3 + 17). What is the remainder when a(u) is divided by 23?
22
Let g = -132 - -226. Suppose 3*c = -z + 89 + 327, 0 = z - 5. Suppose 4*q = -r + 6*r + c, 5*r - g = -3*q. Calculate the remainder when q is divided by 18.
15
Suppose -28*i = -35*i + 392. What is the remainder when i is divided by 21?
14
Suppose 3 = -15*c + 2298. What is the remainder when c is divided by 26?
23
Suppose -5*u + 5*k - 16 = 9, -2*k 